{"id":164,"date":"2020-11-06T02:34:39","date_gmt":"2020-11-06T07:34:39","guid":{"rendered":"http:\/\/techbyte.xyz\/?page_id=164"},"modified":"2020-11-07T21:47:54","modified_gmt":"2020-11-08T02:47:54","slug":"mantenimiento","status":"publish","type":"page","link":"https:\/\/techbyte.xyz\/index.php\/mantenimiento\/","title":{"rendered":"Mantenimiento"},"content":{"rendered":"\n<p>En Tech-byte ponemos a tu disponibilidad el mantenimiento preventivo y correctivo para sus equipos de computo.<\/p>\n\n\n\n<p>Existen dos grandes enemigos de las computadoras, estos son; el calor y la humedad. El exceso de calor acelera el deterioro de los delicados circuitos de tu computadora. Las causas m\u00e1s comunes del recalentamiento son el polvo y la humedad: los conductos de ventilaci\u00f3n y los ventiladores saturados pueden bloquear la circulaci\u00f3n del aire en el interior de la cubierta, y hasta la capa de polvo m\u00e1s delgada puede elevar la temperatura de los componentes de tu computadora .<br>Por eso es necesario mantener tu computadora limpia por dentro y por fuera, para lo cual es recomendable realizar servicios de mantenimiento peri\u00f3dico y as\u00ed evitar el deterioro o las fallas imprevistas que causan perdidas de informaci\u00f3n valiosa para cada usuario<\/p>\n\n\n\n<p><\/p>\n\n\n\n<p><strong>El Mantenimiento Preventivo<\/strong><\/p>\n\n\n\n<p>Tiene como objetivo primordial el alargar la vida \u00fatil de su computadora y evitar fallas o perdidas de datos en un futuro y consiste b\u00e1sicamente en una limpieza f\u00edsica interna y externa del equipo, as\u00ed como tambi\u00e9n un an\u00e1lisis y optimizaci\u00f3n del software que contiene el sistema l\u00f3gico de la computadora.<\/p>\n\n\n\n<p>Los componentes externos que intervenimos dentro de la limpieza se puede incluir el gabinete, el monitor, teclado y mouse, en tanto que los internos incluye tarjeta madre y sus componentes, cables y conectores, fuente de poder, memoria RAM, ventiladores y unidades de CD o DVD.<\/p>\n\n\n\n<p>El an\u00e1lisis y optimizaci\u00f3n del software es de suma importancia para mantener el rendimiento y optimo funcionamiento del equipo de computo. Este an\u00e1lisis se ocupa de la b\u00fasqueda de malware dentro de su sistema, ya que este tipo de programas nocivos son frecuentemente la principal raz\u00f3n de la inestabilidad del sistema, del bajo rendimiento, de las suspensiones de sistema y de los probables errores en el mismo.<\/p>\n\n\n\n<p><strong>El Mantenimiento Correctivo<\/strong><\/p>\n\n\n\n<p>Este procedimiento se ejecuta despu\u00e9s de un fallo o problema para restablecer la operatividad del sistema operativo.  En algunos casos es imposible predecir o prevenir un error en los sistemas de computo, lo que hace del mantenimiento correctivo la una opci\u00f3n para ejecutar un sistema de forma correcta.<\/p>\n\n\n\n<p>Es mas com\u00fan que se requiera en equipos que por su antig\u00fcedad est\u00e1n mas sujetos al desgaste del uso cotidiano y que puedan presentar fallas de forma imprevista. <\/p>\n\n\n\n<p>Aunque cualquier tipo de maquina esta expuesta a fallas que no podemos predecir es importante tener en cuenta que este procedimiento pueda necesitar de una sustituci\u00f3n de piezas o reparaci\u00f3n f\u00edsica de microelectr\u00f3nica que demorara de forma significativa la puesta en marcha del equipo nuevamente.<\/p>\n\n\n\n<p>Para este tipo de reparaciones contamos con personal ampliamente calificado y con amplia experiencia para resolver el problema de forma profesional, para completa satisfacci\u00f3n de nuestros clientes.<\/p>\n\n\n\n<p>Si su equipo de computo presenta cualquiera de las siguientes dificultades.<\/p>\n\n\n\n<p>Su computadora esta muy lenta.<\/p>\n\n\n\n<p>Su computadora tiene virus<\/p>\n\n\n\n<p>Su computadora no se conecta a internet.<\/p>\n\n\n\n<p>Su computadora muestra constantemente una pantalla en azul.<\/p>\n\n\n\n<p>Su computadora muestra demasiada publicidad no deseada.<\/p>\n\n\n\n<p>Su computadora se apaga o se reinicia sin motivo aparente.<\/p>\n\n\n\n<p>Su computadora presenta ruidos fuera de lo normal.<\/p>\n\n\n\n<p>Su computadora presenta alguna configuraci\u00f3n en otro idioma o desea cambiarla.<\/p>\n\n\n\n<p>Su computadora presenta problemas para visualizar contenido en memorias USB.<\/p>\n\n\n\n<p>No dude en contactarse con nosotros para realizar un diagnostico en nuestras oficinas o de forma remota.<\/p>\n\n\n\n<p><\/p>\n\n\n\n<p><\/p>\n\n\n\n<p><\/p>\n\n\n\n<p><\/p>\n","protected":false},"excerpt":{"rendered":"<p>En Tech-byte ponemos a tu disponibilidad el mantenimiento preventivo y correctivo para sus equipos de computo. Existen dos grandes enemigos de las computadoras, estos son;&#8230;<\/p>\n","protected":false},"author":1,"featured_media":163,"parent":0,"menu_order":0,"comment_status":"closed","ping_status":"closed","template":"","meta":{"footnotes":""},"_links":{"self":[{"href":"https:\/\/techbyte.xyz\/index.php\/wp-json\/wp\/v2\/pages\/164"}],"collection":[{"href":"https:\/\/techbyte.xyz\/index.php\/wp-json\/wp\/v2\/pages"}],"about":[{"href":"https:\/\/techbyte.xyz\/index.php\/wp-json\/wp\/v2\/types\/page"}],"author":[{"embeddable":true,"href":"https:\/\/techbyte.xyz\/index.php\/wp-json\/wp\/v2\/users\/1"}],"replies":[{"embeddable":true,"href":"https:\/\/techbyte.xyz\/index.php\/wp-json\/wp\/v2\/comments?post=164"}],"version-history":[{"count":7,"href":"https:\/\/techbyte.xyz\/index.php\/wp-json\/wp\/v2\/pages\/164\/revisions"}],"predecessor-version":[{"id":222,"href":"https:\/\/techbyte.xyz\/index.php\/wp-json\/wp\/v2\/pages\/164\/revisions\/222"}],"wp:featuredmedia":[{"embeddable":true,"href":"https:\/\/techbyte.xyz\/index.php\/wp-json\/wp\/v2\/media\/163"}],"wp:attachment":[{"href":"https:\/\/techbyte.xyz\/index.php\/wp-json\/wp\/v2\/media?parent=164"}],"curies":[{"name":"wp","href":"https:\/\/api.w.org\/{rel}","templated":true}]}}